{"id":59,"date":"2014-09-10T00:01:27","date_gmt":"2014-09-09T22:01:27","guid":{"rendered":"http:\/\/www.capoeira-dossenheim.de\/?page_id=59"},"modified":"2017-01-03T16:09:06","modified_gmt":"2017-01-03T14:09:06","slug":"abada-capoeira","status":"publish","type":"page","link":"https:\/\/www.capoeira-hd.com\/?page_id=59","title":{"rendered":"ABADA CAPOEIRA"},"content":{"rendered":"<p><span style=\"font-size: 12pt; font-family: arial, helvetica, sans-serif; color: #000000;\">Abad\u00e1 Capoeira &#8222;ASSOCIA\u00c7\u00c3O BRASILEIRA DE APOIO E DE DESENVOLVIMENTO DA ARTE-CAPOEIRA&#8220; ist ein nicht kommerzieller Verein zur Unterst\u00fctzung und Entwicklung der Kunst Capoeira mit dem\u00a0Ziel der Verbreitung und Entwicklung der Capoeira als brasilianisches Kulturgut.<\/span><\/p>\n<p><span style=\"font-size: 12pt; font-family: arial, helvetica, sans-serif; color: #000000;\">Abad\u00e1 Capoeira \u00a0wurde 1988 von Mestre Camisa, Jos\u00e9 Tadeu Carneiro Cardoso, in Rio de Janeiro gegr\u00fcndet. Mestre Camisa entwickelte aus den Techniken seines Lehrers Mestre Bimba seine eigene Trainingsphilosophie und Methodik, die sich sich durch ein hohes Ma\u00df an Technik auszeichnet. Inzwischen ist Abad\u00e1 die weltweit gr\u00f6\u00dfte Capoeira-Vereinigung.<\/span><\/p>\n<p><span style=\"font-size: 12pt; font-family: arial, helvetica, sans-serif; color: #000000;\">Internationale und regionale Wettk\u00e4mpfe wie beispielweise die Welt- und Europameisterschaften bieten Capoeiristas jeden Alters und aus allen Winkeln der Welt die Gelegenheit, sich kennen zu lernen und auszutauschen.<\/span><\/p>\n<p><span style=\"font-size: 12pt; font-family: arial, helvetica, sans-serif; color: #000000;\">Die Verbreitung und Entwicklung der Capoeira und des damit verkn\u00fcpften brasilianischen Kulturgutes ist das Ziel von Abad\u00e1 Capoeira. Die Methoden und Philosophie von Mestre Camisa streben nach st\u00e4ndiger Entwicklung ohne die traditionellen Elemente der Capoeira zu vergessen. Das Training soll die Sch\u00fcler dieser Kunst fordern und anspornen, sie aber auch in ihrer Pers\u00f6nlichkeit, Selbstbewusstsein und F\u00fchrungsst\u00e4rke festigen. Abad\u00e1 Capoeira schult physische und psychische St\u00e4rke.<\/span><\/p>\n<p style=\"text-align: left;\"><span style=\"font-size: 12pt; font-family: arial, helvetica, sans-serif; color: #000000;\">\u00a0<\/span><\/p>\n","protected":false},"excerpt":{"rendered":"<p>Abad\u00e1 Capoeira &#8222;ASSOCIA\u00c7\u00c3O BRASILEIRA DE APOIO E DE DESENVOLVIMENTO DA ARTE-CAPOEIRA&#8220; ist ein nicht kommerzieller Verein zur Unterst\u00fctzung und Entwicklung der Kunst Capoeira mit dem\u00a0Ziel der Verbreitung und Entwicklung der [&hellip;]<\/p>\n","protected":false},"author":2,"featured_media":52,"parent":0,"menu_order":0,"comment_status":"closed","ping_status":"open","template":"","meta":{"om_disable_all_campaigns":false,"_monsterinsights_skip_tracking":false,"_monsterinsights_sitenote_active":false,"_monsterinsights_sitenote_note":"","_monsterinsights_sitenote_category":0,"footnotes":""},"class_list":["post-59","page","type-page","status-publish","has-post-thumbnail","hentry"],"aioseo_notices":[],"_links":{"self":[{"href":"https:\/\/www.capoeira-hd.com\/index.php?rest_route=\/wp\/v2\/pages\/59","targetHints":{"allow":["GET"]}}],"collection":[{"href":"https:\/\/www.capoeira-hd.com\/index.php?rest_route=\/wp\/v2\/pages"}],"about":[{"href":"https:\/\/www.capoeira-hd.com\/index.php?rest_route=\/wp\/v2\/types\/page"}],"author":[{"embeddable":true,"href":"https:\/\/www.capoeira-hd.com\/index.php?rest_route=\/wp\/v2\/users\/2"}],"replies":[{"embeddable":true,"href":"https:\/\/www.capoeira-hd.com\/index.php?rest_route=%2Fwp%2Fv2%2Fcomments&post=59"}],"version-history":[{"count":8,"href":"https:\/\/www.capoeira-hd.com\/index.php?rest_route=\/wp\/v2\/pages\/59\/revisions"}],"predecessor-version":[{"id":496,"href":"https:\/\/www.capoeira-hd.com\/index.php?rest_route=\/wp\/v2\/pages\/59\/revisions\/496"}],"wp:featuredmedia":[{"embeddable":true,"href":"https:\/\/www.capoeira-hd.com\/index.php?rest_route=\/wp\/v2\/media\/52"}],"wp:attachment":[{"href":"https:\/\/www.capoeira-hd.com\/index.php?rest_route=%2Fwp%2Fv2%2Fmedia&parent=59"}],"curies":[{"name":"wp","href":"https:\/\/api.w.org\/{rel}","templated":true}]}}